divided by 28.
27
What is the remainder when 2036 is divided by 27?
11
Calculate the remainder when 82 is divided by 5.
2
Calculate the remainder when 6092 is divided by 18.
8
Calculate the remainder when 28 is divided by 18.
10
What is the remainder when 14818 is divided by 9?
4
What is the remainder when 2835 is divided by 1413?
9
Calculate the remainder when 620 is divided by 23.
22
What is the remainder when 150 is divided by 37?
2
What is the remainder when 129 is divided by 47?
35
Calculate the remainder when 111 is divided by 33.
12
Calculate the remainder when 375 is divided by 13.
11
Calculate the remainder when 719 is divided by 7.
5
What is the remainder when 374 is divided by 190?
184
What is the remainder when 52 is divided by 11?
8
Calculate the remainder when 1825 is divided by 11.
10
What is the remainder when 441 is divided by 50?
41
What is the remainder when 74 is divided by 11?
8
Calculate the remainder when 31 is divided by 1.
0
What is the remainder when 7085 is divided by 6?
5
What is the remainder when 125 is divided by 8?
5
Calculate the remainder when 728 is divided by 49.
42
What is the remainder when 2959 is divided by 102?
1
What is the remainder when 1089 is divided by 12?
9
What is the remainder when 2146 is divided by 80?
66
Calculate the remainder when 145 is divided by 2.
1
Calculate the remainder when 3984 is divided by 70.
64
What is the remainder when 89 is divided by 28?
5
Calculate the remainder when 654 is divided by 132.
126
What is the remainder when 3115 is divided by 76?
75
What is the remainder when 2249 is divided by 206?
189
What is the remainder when 4735 is divided by 118?
15
What is the remainder when 1731 is divided by 4?
3
Calculate the remainder when 765 is divided by 5.
0
Calculate the remainder when 193 is divided by 44.
17
What is the remainder when 101 is divided by 85?
16
Calculate the remainder when 522 is divided by 48.
42
Calculate the remainder when 8434 is divided by 234.
10
What is the remainder when 444 is divided by 64?
60
Calculate the remainder when 218 is divided by 45.
38
What is the remainder when 443 is divided by 150?
143
What is the remainder when 2428 is divided by 15?
13
Calculate the remainder when 1308 is divided by 401.
105
What is the remainder when 1196 is divided by 299?
0
What is the remainder when 126 is divided by 9?
0
What is the remainder when 68 is divided by 19?
11
What is the remainder when 1104 is divided by 185?
179
What is the remainder when 749 is divided by 292?
165
Calculate the remainder when 337 is divided by 10.
7
What is the remainder when 934 is divided by 39?
37
Calculate the remainder when 395 is divided by 21.
17
Calculate the remainder when 144 is divided by 8.
0
Calculate the remainder when 301 is divided by 141.
19
What is the remainder when 276 is divided by 56?
52
Calculate the remainder when 463 is divided by 162.
139
Calculate the remainder when 188 is divided by 55.
23
Calculate the remainder when 268 is divided by 15.
13
Calculate the remainder when 2115 is divided by 133.
120
Calculate the remainder when 532 is divided by 137.
121
Calculate the remainder when 811 is divided by 29.
28
What is the remainder when 885 is divided by 279?
48
Calculate the remainder when 346 is divided by 29.
27
What is the remainder when 509 is divided by 458?
51
What is the remainder when 64 is divided by 3?
1
Calculate the remainder when 273 is divided by 25.
23
What is the remainder when 93 is divided by 12?
9
Calculate the remainder when 142 is divided by 41.
19
What is the remainder when 582 is divided by 45?
42
What is the remainder when 320 is divided by 80?
0
What is the remainder when 3753 is divided by 16?
9
Calculate the remainder when 103 is divided by 2.
1
Calculate the remainder when 408 is divided by 194.
20
Calculate the remainder when 458 is divided by 27.
26
Calculate the remainder when 569 is divided by 6.
5
What is the remainder when 725 is divided by 1?
0
Calculate the remainder when 862 is divided by 72.
70
Calculate the remainder when 236 is divided by 104.
28
What is the remainder when 239 is divided by 15?
14
What is the remainder when 234 is divided by 44?
14
What is the remainder when 148 is divided by 22?
16
What is the remainder when 12726 is divided by 37?
35
What is the remainder when 6697 is divided by 25?
22
What is the remainder when 66 is divided by 19?
9
Calculate the remainder when 538 is divided by 33.
10
What is the remainder when 80 is divided by 12?
8
What is the remainder when 1437 is divided by 36?
33
What is the remainder when 428 is divided by 94?
52
What is the remainder when 31 is divided by 18?
13
What is the remainder when 73 is divided by 31?
11
Calculate the remainder when 14417 is divided by 14.
11
What is the remainder when 730 is divided by 363?
4
Calculate the remainder when 135 is divided by 10.
5
What is the remainder when 1018 is divided by 249?
22
What is the remainder when 3093 is divided by 5?
3
What is the remainder when 4714 is divided by 1569?
7
Calculate the remainder when 604 is divided by 567.
37
What is the remainder when 21 is divided by 12?
9
What is the remainder when 1547 is divided by 47?
43
Calculate the remainder when 392 is divided by 363.
29
Calculate the remainder when 766 is divided by 28.
10
What is the remainder when 1516 is divided by 7?
4
Calculate the remainder when 856 is divided by 78.
76
What is the remainder when 2735 is divided by 909?
8
What is the remainder when 36 is divided by 17?
2
What is the remainder when 640 is divided by 107?
105
Calculate the remainder when 92 is divided by 54.
38
What is the remainder when 56 is divided by 34?
22
Calculate the remainder when 318 is divided by 3.
0
Calculate the remainder when 2002 is divided by 12.
10
What is the remainder when 308 is divided by 164?
144
Calculate the remainder when 106 is divided by 2.
0
Calculate the remainder when 377 is divided by 185.
7
What is the remainder when 503 is divided by 23?
20
What is the remainder when 2489 is divided by 165?
14
What is the remainder when 462 is divided by 228?
6
Calculate the remainder when 3670 is divided by 147.
142
What is the remainder when 172 is divided by 37?
24
What is the remainder when 30 is divided by 22?
8
What is the remainder when 692 is divided by 29?
25
Calculate the remainder when 2026 is divided by 26.
24
What is the remainder when 336 is divided by 120?
96
What is the remainder when 150 is divided by 45?
15
What is the remainder when 174 is divided by 53?
15
What is the remainder when 510 is divided by 66?
48
Calculate the remainder when 201 is divided by 83.
35
Calculate the remainder when 71 is divided by 35.
1
What is the remainder when 250 is divided by 49?
5
What is the remainder when 199 is divided by 27?
10
Calculate the remainder when 522 is divided by 154.
60
What is the remainder when 542 is divided by 91?
87
Calculate the remainder when 457 is divided by 7.
2
What is the remainder when 995 is divided by 241?
31
What is the remainder when 3530 is divided by 439?
18
What is the remainder when 1404 is divided by 16?
12
What is the remainder when 970 is divided by 204?
154
What is the remainder when 561 is divided by 36?
21
What is the remainder when 3378 is divided by 31?
30
Calculate the remainder when 816 is divided by 39.
36
Calculate the remainder when 14014 is divided by 48.
46
Calculate the remainder when 52 is divided by 23.
6
Calculate the remainder when 2957 is divided by 270.
257
Calculate the remainder when 99 is divided by 29.
12
Calculate the remainder when 2749 is divided by 212.
205
Calculate the remainder when 108 is divided by 5.
3
What is the remainder when 303 is divided by 77?
72
What is the remainder when 124 is divided by 65?
59
What is the remainder when 149 is divided by 75?
74
What is the remainder when 522 is divided by 64?
10
What is the remainder when 636 is divided by 93?
78
Calculate the remainder when 260 is divided by 3.
2
What is the remainder when 64 is divided by 31?
2
What is the remainder when 560 is divided by 35?
0
What is the remainder when 71 is divided by 18?
17
Calculate the remainder when 356 is divided by 89.
0
What is the remainder when 897 is divided by 192?
129
What is the remainder when 146 